e 14) to base 13.
1c1c15
What is 1353332 (base 6) in base 2?
10010110110111000
18866846 (base 9) to base 8
44336727
What is 269ae (base 15) in base 6?
2352345
What is 79a20 (base 12) in base 10?
162168
-1740411 (base 8) to base 14
-d329b
12032040 (base 5) to base 11
76872
5660222 (base 8) to base 9
2784517
-10220112202101 (base 3) to base 15
-2b0831
Convert -1120121102 (base 3) to base 9.
-46542
Convert -120200322 (base 5) to base 3.
-1001002212100
Convert 20818 (base 12) to base 13.
16544
12528414 (base 9) to base 12
2091057
-115a1c0 (base 13) to base 10
-5363202
33340341 (base 6) to base 12
4076b1
What is 44234 (base 6) in base 4?
1133332
-7325ee (base 16) to base 10
-7546350
What is -2728222 (base 10) in base 13?
-746a43
Convert -202231020 (base 4) to base 14.
-39b3a
205607 (base 9) to base 13
4383a
Convert -1243410000 (base 6) to base 9.
-30638400
Convert 155501563 (base 7) to base 6.
1014123421
Convert -1242424404 (base 5) to base 7.
-35166655
Convert 674127 (base 8) to base 5.
24234130
Convert 486b6b (base 13) to base 3.
10020211110021
1120330302 (base 4) to base 14
96ac2
Convert -1025113 (base 6) to base 13.
-19c0b
What is 137873 (base 10) in base 12?
67955
20112112212202 (base 3) to base 9
6475782
1138a (base 11) to base 7
65624
795163 (base 10) to base 14
169ad5
-2332002111 (base 4) to base 16
-be095
What is -10110101001100011 (base 2) in base 10?
-92771
What is -5328 (base 11) in base 6?
-52344
Convert 10144241433 (base 5) to base 7.
155406400
Convert 260365 (base 7) to base 15.
e444
Convert -7274554 (base 9) to base 4.
-32311011322
2664164 (base 10) to base 9
5010482
1011012202121 (base 3) to base 11
38a652
2528286 (base 9) to base 15
1c3166
What is 2200 (base 4) in base 3?
12221
What is -111553 (base 11) in base 6?
-3450342
Convert 174928 (base 10) to base 13.
61810
Convert -216341 (base 7) to base 3.
-1221110122
What is 445346 (base 12) in base 7?
12146154
32330 (base 16) to base 10
205616
Convert -11222122001010 (base 3) to base 10.
-2649945
-2b314 (base 12) to base 11
-4185a
Convert -3231223 (base 4) to base 11.
-10479
-3295939 (base 10) to base 16
-324ac3
What is -20415c (base 13) in base 12?
-302b70
Convert -5031045 (base 7) to base 3.
-1010021022120
Convert 111300213320 (base 4) to base 11.
3246702
Convert 11010010000110100011 (base 2) to base 9.
1551438
What is 100000011000011011101 (base 2) in base 11?
665233
93129b (base 13) to base 3
20110021001102
-12873917 (base 10) to base 2
-110001000111000010111101
Convert 2123002313 (base 4) to base 13.
1930a0
-1803b2 (base 14) to base 15
-11a981
Convert -10001101110010101010001 (base 2) to base 4.
-101232111101
Convert -62bc (base 16) to base 12.
-12764
Convert -100100111101011111 (base 2) to base 10.
-151391
12450340 (base 9) to base 4
113110330323
Convert 1140244 (base 9) to base 4.
2112213220
101200211010 (base 3) to base 5
23214144
-4e8b4 (base 15) to base 2
-111101011101000111
11016562 (base 9) to base 5
2330411211
-1863510 (base 9) to base 10
-1045800
Convert 3c546 (base 13) to base 11.
77952
-101bba3 (base 12) to base 14
-58b415
What is -258629 (base 13) in base 11?
-568223
Convert -37626 (base 9) to base 16.
-62d0
6554635 (base 7) to base 9
1454327
What is 4a3361 (base 11) in base 13?
21ab49
-a13b3 (base 13) to base 16
-466cc
What is -477544 (base 9) in base 13?
-a0c27
What is -22041627 (base 8) in base 10?
-4735895
Convert -3031280 (base 11) to base 14.
-9d7643
106109 (base 13) to base 5
44302103
What is -681a36 (base 16) in base 4?
-122001220312
Convert 4640055 (base 7) to base 10.
581082
1405b8a (base 12) to base 5
2010213032
What is -212212010201 (base 3) in base 12?
-1a78b4
What is 205461 (base 7) in base 6?
432400
Convert -53440410 (base 6) to base 3.
-2222001222120
-6435420 (base 8) to base 9
-3210082
Convert -16876 (base 13) to base 12.
-20bb4
Convert -18050308 (base 9) to base 8.
-42456041
Convert -ab089 (base 13) to base 14.
-80d10
Convert 110110101100011110 (base 2) to base 5.
24132110
Convert 2210330130 (base 4) to base 11.
421663
5016222 (base 9) to base 7
31452236
What is -1357006 (base 8) in base 9?
-645412
Convert 52207 (base 9) to base 4.
20122000
Convert -2316364 (base 7) to base 15.
-5b081
What is 200222222111 (base 3) in base 13?
1012a5
What is 193ab5c (base 13) in base 7?
130235133
112414244 (base 5) to base 12
209343
10020103102 (base 4) to base 2
100001000010011010010
-877 (base 13) to base 12
-a0a
1123013122 (base 4) to base 6
11555454
Convert -404441 (base 5) to base 4.
-3031001
What is 3125741 (base 9) in base 10?
1670743
Convert -10551425 (base 8) to base 12.
-920905
11011101100111010000 (base 2) to base 12
379380
Convert -4303226 (base 7) to base 9.
-875242
Convert 117201 (base 14) to base 7.
5031101
What is 11210b (base 14) in base 16?
8e12f
What is 8d374 (base 16) in base 11?
365637
-1233520 (base 6) to base 10
-66936
What is -1a46a69 (base 11) in base 16?
-34a432
12102231311 (base 4) to base 9
3083645
Convert -35560576 (base 8) to base 5.
-3443302344
Convert -ba036 (base 12) to base 4.
-323322222
Convert a373c (base 14) to base 10.
393818
-11203411 (base 5) to base 9
-162745
What is -1432154 (base 6) in base 14?
-21d1c
Convert 69b1 (base 14) to base 9.
27185
10574126 (base 8) to base 11
1325953
-33100424 (base 5) to base 8
-1053511
What is -4c5c3 (base 13) in base 3?
-21012020220
Convert 4204141000 (base 5) to base 13.
1a43859
1c117 (base 13) to base 5
3230424
What is 1211201201221 (base 3) in base 13?
283708
c51e39 (base 16) to base 5
11301341304
100210110020 (base 3) to base 7
1432026
What is -102524411 (base 6) in base 4?
-12323031313
What is 10101111001110111000010 (base 2) in base 4?
111321313002
Convert 10011011001011111110001 (base 2) to base 8.
23313761
What is -1442323231 (base 5) in base 11?
-2203a13
Convert -33312331 (base 5) to base 2.
-1000111001100000111
What is -414424 (base 5) in base 6?
-143335
31011060 (base 7) to base 16
278958
What is -104322304 (base 5) in base 10?
-464079
What is 220022324 (base 5) in base 6?
32043345
-101021354 (base 7) to base 9
-12063458
-527c2 (base 16) to base 4
-1102133002
Convert 10110101020 (base 3) to base 14.
1ab45
What is 1463918 (base 10) in base 2?
101100101011001101110
What is -11502534 (base 6) in base 16?
-5961a
Convert 101211012000 (base 3) to base 8.
640013
Convert -629836 (base 10) to base 4.
-2121301030
41020 (base 11) to base 13
21370
Convert -49c6d (base 14) to base 2.
-101100001001001001
Convert 234076 (base 8) to base 14.
211b8
Convert -12301123213 (base 4) to base 8.
-6613347
Convert -120024321 (base 6) to base 12.
-9020a1
-2221201 (base 4) to base 7
-43426
-a7516 (base 11) to base 9
-257421
Convert 1404412 (base 6) to base 8.
231670
Convert -747d4 (base 14) to base 5.
-33001241
Convert -1783735 (base 11) to base 5.
-1233132144
-93341 (base 12) to base 11
-121519
Convert 7542151 (base 8) to base 15.
29c691
Convert 2102b8 (base 15) to base 10.
1569998
What is -3313121 (base 4) in base 10?
-15833
What is 201121211121 (base 3) in base 12?
167637
Convert -65325200 (base 7) to base 4.
-111103321223
What is 404253444 (base 6) in base 15?
91caca
Convert 13a8ac (base 14) to base 2.
10100110100011111000
What is 1745671 (base 9) in base 10?
975223
What is -22202022210 (base 3) in base 11?
-10848a
-200112200121 (base 3) to base 6
-11453454
Convert 341023351 (base 6) to base 8.
27536163
15324255 (base 6) to base 14
100b91
What is -1453246 (base 8) in base 15?
-83133
16a1d0 (base 14) to base 15
10ad5d
-1235017 (base 8) to base 15
-6b763
What is 1141041 (base 8) in base 2?
1001100001000100001
What is -10b1bf (base 16) in base 6?
-35241103
Convert -a9a16 (base 16) to base 6.
-22520410
Convert 12c920 (base 15) to base 3.
1200212221010
What is 14152112 (base 6) in base 2?
1110101100000001100
Convert -61d43 (base 14) to base 2.
-111001100101000111
-40bb7 (base 15) to base 16
-3215b
Convert -101060 (base 10) to base 12.
-4a598
Convert -102011303220 (base 4) to base 5.
-2203224001
Convert -3372a48 (base 12) to base 6.
-551114532
What is -33323004 (base 5) in base 6?
-10133010
Convert 1001001111001101011100 (base 2) to base 12.
989478
What is -c987b (base 13) in base 2?
-1011000110110110111
1aa12 (base 14) to base 16
108f8
-1341472 (base 10) to base 11
-836960
What is 100220002002 (base 3) in bas